n factor of r and 33.
3
Let c be -1 + (-37)/(-7) - 18/63. Let d be 3/(-12)*-10*c/5. Calculate the greatest common factor of d and 5.
1
Let r(a) = 3*a**3 - 3*a**2 + a + 2. Let w be r(2). Let j(g) = -116*g**2 - 2*g. Let y be j(-1). Let q = 162 + y. Calculate the highest common factor of q and w.
16
Let o(w) = -46 - 159 + 50 - 2*w. Let l be o(0). Let z be -4 - (2 - 3) - l. What is the greatest common divisor of z and 19?
19
Let a(f) = -f + 6. Let u be a(-6). Let k be u/10*(-120)/(-16). Let c be (-152)/(-6) + 6/k. What is the greatest common divisor of 39 and c?
13
Let x(h) = -21*h + 6. Let u be x(-6). Suppose -12*q = 13*q - 300. What is the highest common factor of q and u?
12
Let x(s) = 3*s**2 + s - 9. Suppose -3*r + 3*f = -0*f + 18, -6 = -2*f. Let q be x(r). Calculate the greatest common divisor of q and 75.
15
Let f = 104 + -62. Let i = 48 - f. What is the greatest common divisor of i and 4?
2
Let d(t) = -t**3 + 12*t**2 - t + 17. Let g be d(12). Suppose 5*m + 0*j = 2*j + 86, 95 = 5*m - g*j. Calculate the greatest common divisor of 24 and m.
8
Suppose g + 3*g = 0. Suppose 1512 = 7*q - g*q. What is the highest common factor of 27 and q?
27
Suppose -5*n = 27 - 222. Suppose 4*j + 15 = n. Let u = j - -7. Calculate the highest common factor of u and 143.
13
Suppose z + 140 - 153 = 0. What is the greatest common factor of z and 208?
13
Suppose -5*y + 700 = 5*l, l + 5*y + 104 = 260. Calculate the highest common factor of 34 and l.
34
Let q be 260 + (-2)/(2*-1). Let k(x) = 4*x - 20. Let y be k(15). Suppose 2*h - y = a + 17, 0 = a - 1. What is the greatest common factor of q and h?
29
Let a = 761 - 585. Calculate the highest common factor of 22 and a.
22
Suppose -11 = 3*q - 26. Suppose -q*x = -4*x - 26. What is the greatest common divisor of x and 65?
13
Let l(w) = 5*w**2 + 2 + 0*w**2 - 4*w - 4 + 1. Let y be l(-3). Calculate the greatest common divisor of y and 7.
7
Let c(i) = 2*i**3 - i**2 + i. Let j be c(1). Let d(y) = -3*y - 3*y + y + y**j + 0*y - 4. Let h be d(12). Calculate the greatest common divisor of h and 20.
20
Suppose 15*q - 11357 = 11203. Calculate the highest common factor of 32 and q.
32
Suppose 72 = -2*c + 4*c. Let k be ((-31)/(-3) - (-4)/6) + -5. Calculate the greatest common factor of k and c.
6
Let s = 70 + -100. Let d be 5*(-2)/s*63. What is the greatest common factor of d and 42?
21
Let j be 527/68*(5 + -1). Suppose 32*u - j*u = 105. Let d be (-3)/(-7) - (-900)/u. What is the highest common divisor of 27 and d?
9
Let b(y) = 6*y + 14. Let u be (-3)/(124/64 - 2). Suppose 2*h + 20 = u. Let x be b(h). Calculate the greatest common divisor of x and 14.
14
Let p = -98 - -101. Suppose -5*t = 5*m - 230, -t + 4*m - 88 = -p*t. Calculate the highest common divisor of 64 and t.
16
Let l = 594 - 474. Calculate the highest common divisor of l and 45.
15
Let u be 2*(2 - -1) - 0. Let s(w) = -6*w - 23. Let a be s(-10). Let l = a - 31. What is the greatest common divisor of u and l?
6
Suppose -5 = 2*z - 1. Let c be (z/5)/((-3)/(-1755)*-3). Calculate the highest common factor of 26 and c.
26
Let l(z) = 2*z + 2. Let k be l(4). Let t be (2 - 8)/(3/k). Let p = t - -44. Calculate the highest common divisor of 24 and p.
24
Let z(x) = x**3 - x**2 - 6*x + 9. Let r be ((-24)/(-36))/((-2)/(-18)). Let w be z(r). Let g = w - 90. Calculate the highest common factor of 42 and g.
21
Suppose 15*v - 337 = 68. What is the greatest common factor of 117 and v?
9
Let n(h) = -h**3 - 7*h**2 - 17*h - 22. Let r be n(-6). Calculate the greatest common divisor of 143 and r.
11
Suppose -4*x - 4*o - 390 + 1810 = 0, -x + 3*o + 375 = 0. What is the highest common divisor of 45 and x?
45
Let x(o) = -o**3 - 12*o**2 + 21*o - 19. Let q be x(-15). Calculate the greatest common factor of 11 and q.
11
Let c(l) = -5*l - 78. Let n be c(-26). What is the greatest common factor of n and 364?
52
Suppose -2*j = 2*l - 146, -5*j = l - 159 - 214. Calculate the greatest common factor of 645 and j.
15
Let a = 4 + -2. Suppose 2*f + a + 396 = 0. Let b = -111 - f. Calculate the greatest common factor of b and 8.
8
Suppose -3*o + 0*o = 5*w - 77, 4 = -2*w. Suppose -l = -2*c + 62, -4*c - 5*l = -0*c - 96. Calculate the highest common divisor of o and c.
29
Suppose 29*a - 25*a = 4*v - 2988, -v + 749 = a. Calculate the greatest common divisor of v and 68.
68
Suppose -669 = -22*r + 3093. Calculate the highest common divisor of 81 and r.
9
Let c(s) = s**2 - 6*s + 10. Let x be c(4). Let n be (6 - (-16)/(-4))/x. Suppose y - 16 + n = 0. Calculate the highest common divisor of 45 and y.
15
Suppose -2*b + 40 - 502 = 0. Let o = -138 - b. Let g be (-2)/3 - 188/(-3). Calculate the greatest common divisor of o and g.
31
Let j be (-335)/(-35) - 3/(-7). Let p = 62 + 48. Calculate the greatest common divisor of p and j.
10
Let n be -14*(16/(-12) - (-98)/(-12)). Calculate the greatest common factor of 21 and n.
7
Suppose -4*a - 5*h + 64 = 0, -h - 3*h = 0. Let g = a - 10. Calculate the greatest common divisor of 30 and g.
6
Let j = -466 - -586. Suppose 3*o - 39 = 4*q - 144, 5*q + 5*o - 175 = 0. Calculate the highest common divisor of j and q.
30
Let g(z) = 3*z**2 - z + 2. Let n be g(-2). Let j be 168/n*(-4)/(-6). Calculate the highest common factor of j and 14.
7
Suppose -58 + 4 = -4*x - 3*r, 30 = 3*x - 3*r. Calculate the greatest common factor of 18 and x.
6
Let a(r) = -2*r + 1. Let p be a(-4). Let b(j) = -j**2 - 7*j - 4. Let t be b(-5). What is the greatest common factor of p and t?
3
Suppose 27*v - 147 = 20*v. What is the highest common factor of v and 2?
1
Suppose -2*j + 8 = -0*j. Suppose 5*h = i + 627, i = j*h - 6*h + 255. Calculate the highest common factor of 18 and h.
18
Let h be -5 - (-340)/(12/3). Calculate the greatest common divisor of h and 20.
20
Let c(z) = -z**2 + 15*z - 37. Let k be c(10). What is the highest common divisor of k and 689?
13
Suppose 0 = -4*q - 5*j + 359, -5*j + 91 = -2*q + 308. Calculate the highest common factor of 18 and q.
6
Let q = -39 - -12. Let w be (-2 + q/(-6))*(-6)/(-5). What is the greatest common factor of w and 12?
3
Suppose y + 5 = 21. Suppose -2*h - y = -4*h. What is the greatest common factor of h and 32?
8
Let v = 65 + -29. Let k be (16/(-2))/(-2)*1. What is the highest common divisor of k and v?
4
Let o(b) = b**3 - 15*b**2 - 28*b + 44. Let p be o(18). What is the highest common divisor of 32 and p?
32
Suppose 0 = -2*d - 2*s + 36, -5*d + 0*s + 2*s + 76 = 0. Let p be (416/39)/(2/12). What is the greatest common factor of p and d?
16
Suppose -92 = -5*u + 4*u - 2*d, 5*u = 5*d + 535. Suppose 0 = 6*o - 4*o - u. What is the highest common divisor of 17 and o?
17
Suppose -4*k - 45 = -k. Let u be k/(-10)*(-4)/(-3). Suppose -o + 19 = 5*s, o = -s - u*o + 15. Calculate the greatest common factor of 3 and s.
3
Let x = -373 + 616. What is the greatest common divisor of 27 and x?
27
Let c(p) = p**3 + 11*p**2 - 11*p + 29. Let t be c(-12). What is the greatest common divisor of t and 153?
17
Suppose 2*i = 3*s + 4*i - 2, 3*s - 3*i = 12. Let j(k) = -k**3 + 5*k**2 - k + 1. Let q be j(s). Calculate the greatest common factor of 77 and q.
11
Let m(k) = 2*k**3 + k**2 + 6*k + 1. Let v be m(5). What is the highest common factor of 54 and v?
18
Let q(c) = -4*c**3 - 5*c**2 - 2*c + 3. Let y(k) = -k**3 + 8*k**2 + 8*k + 6. Let h be y(9). Let f be q(h). Calculate the highest common factor of f and 24.
24
Suppose 3*z + 4794 = 3*n, -2*n - 2*z = -0*n - 3188. Calculate the highest common factor of n and 76.
76
Suppose -236*l + 230*l = -1128. Calculate the greatest common factor of 141 and l.
47
Let a(x) = -x**2 + 14*x + 48. Let s be a(14). Calculate the greatest common divisor of 408 and s.
24
Suppose -2*k - 20 = -2*v, 3*v + 3 - 32 = 2*k. What is the highest common factor of 81 and v?
9
Let l(m) = -m**3 + 10*m**2 + 2*m - 82. Let w be l(9). Calculate the greatest common divisor of w and 68.
17
Let x(h) = -10 + 9 + 2*h + 3*h**2 + 0 + 0. Let s be x(1). Suppose -s*f + c = -159 - 61, -5*f + 5*c + 260 = 0. Calculate the greatest common factor of f and 84.
28
Suppose c = -3*c + 20. Suppose p - c = -2. Let n(r) = r**3 + 5*r**2 - 14*r + 2. Let k be n(-7). What is the highest common factor of p and k?
1
Suppose -4*m - 70*y + 75*y + 25757 = 0, 5*m - 3*y = 32206. Calculate the greatest common factor of 17 and m.
17
